{"id":149,"date":"2017-09-26T03:20:32","date_gmt":"2017-09-26T03:20:32","guid":{"rendered":"https:\/\/xstore.8theme.com\/demos\/spa\/?page_id=149"},"modified":"2021-02-12T17:00:16","modified_gmt":"2021-02-12T16:00:16","slug":"a-propos","status":"publish","type":"page","link":"https:\/\/regarddinterieurs.be\/index.php\/a-propos\/","title":{"rendered":"\u00c0 propos"},"content":{"rendered":"<p>[vc_row content_placement=&#8221;middle&#8221; css=&#8221;.vc_custom_1506496697786{margin-bottom: 40px !important;}&#8221;][vc_column css_animation=&#8221;slideInLeft&#8221; width=&#8221;1\/2&#8243;][vc_single_image image=&#8221;683&#8243; img_size=&#8221;full&#8221; alignment=&#8221;center&#8221; css=&#8221;.vc_custom_1598877589664{margin-left: -100px !important;}&#8221; el_class=&#8221;about-us-1&#8243;][\/vc_column][vc_column css_animation=&#8221;slideInRight&#8221; width=&#8221;1\/2&#8243; el_class=&#8221;responsive-center right-block__img&#8221;][vc_custom_heading text=&#8221;Qui suis-je ?&#8221; font_container=&#8221;tag:h2|font_size:75px|text_align:left|color:%23575558|line_height:75px&#8221; use_theme_fonts=&#8221;yes&#8221; el_class=&#8221;capitalize responsive-size&#8221; css=&#8221;.vc_custom_1598877615624{margin-bottom: 20px !important;}&#8221;][vc_column_text]<\/p>\n<p class=\"p1\"><span class=\"s1\">Mes grands-parents habitaient un joli village en Belgique, dans le brabant wallon et tenaient un caf\u00e9 o\u00f9 habitait \u00e9galement ma maman. C\u2019est l\u00e0 qu\u2019elle a fait la connaissance d\u2019un jeune homme d\u2019origine allemande venu travailler comme ing\u00e9nieur dans une soci\u00e9t\u00e9 avoisinante.<\/span><\/p>\n<p class=\"p1\"><span class=\"s1\">Durant plusieurs mois, ils se sont fr\u00e9quent\u00e9s, appr\u00e9ci\u00e9s, aim\u00e9s\u2026 <\/span><\/p>\n<p class=\"p1\"><span class=\"s1\">Sa mission professionnelle \u00e9tant termin\u00e9e, mon papa fut envoy\u00e9 en Inde par son employeur\u2026 Quelques temps plus tard, ma maman appris qu\u2019elle \u00e9tait enceinte et l\u2019annon\u00e7a au \u00ab\u00a0futur\u00a0\u00bb papa par courrier qu\u2019ils \u00e9changeaient r\u00e9guli\u00e8rement.<\/span><\/p>\n<p class=\"p1\"><span class=\"s1\">9 mois plus tard, je venais au monde avec un poids insuffisant et donc mise en couveuse par le corps m\u00e9dical.<\/span><\/p>\n<p class=\"p1\"><span class=\"s1\">Tr\u00e8s vite, priv\u00e9e de contact, ma vie va prendre une tournure toute particuli\u00e8re!<\/span><\/p>\n<p class=\"p1\"><span class=\"s1\">Au courant de ma venue, mes grand-parents paternels ont fait livrer des fleurs \u00e0 l\u2019h\u00f4pital. C\u2019est quasi un des seul \u00e9l\u00e9ment en ma connaissance aujourd\u2019hui car par la suite, ma maman ne m\u2019a plus parl\u00e9 de mon p\u00e8re et pour me prot\u00e9ger m\u2019a invent\u00e9 qu\u2019il \u00e9tait mort et m\u2019a mise en pension d\u00e8s l\u2019\u00e2ge de 6 ans.<\/span><\/p>\n<p class=\"p1\"><span class=\"s1\">Durant toute ma vie, j\u2019ai souffert des blessures d\u2019abandon, de rejet, d\u2019injustice.<\/span><\/p>\n<p class=\"p1\"><span class=\"s1\">Petite, j\u2019\u00e9tais attir\u00e9e par l\u2019astrologie, les cartes, la num\u00e9rologie, l\u2019invisible, j\u2019avais des r\u00eaves, des ambitions et j\u2019ai d\u00e9velopp\u00e9 au fil du temps la foi, la confiance et la pers\u00e9v\u00e9rance.<\/span><\/p>\n<p class=\"p1\"><span class=\"s1\">Au fond de moi, j\u2019ai toujours eu la conviction que chacun avait droit au <b>BONHEUR<\/b> et \u00e0 la <b>R\u00c9USSITE<\/b>.<\/span><\/p>\n<p class=\"p1\"><span class=\"s1\">Apr\u00e8s 2 d\u00e9pressions, j\u2019ai d\u00e9cid\u00e9 de changer d\u2019orientation professionnelle et d\u2019\u00e9couter mon coeur.<\/span><\/p>\n<p class=\"p1\"><span class=\"s1\">Gr\u00e2ce \u00e0 un travail sur moi quotidien et un accompagnement hollistique, je me suis transform\u00e9e et mon \u00e9volution me permet aujourd\u2019hui d\u2019\u00eatre sereine, apais\u00e9e, positive.<\/span><\/p>\n<p class=\"p1\"><span class=\"s1\">Je suis cette femme qui longtemps s\u2019est cherch\u00e9e, \u00e0 suivi de nombreuses formations et qui, gr\u00e2ce aux techniques que je transmets et que j\u2019utilise personnellement, suis devenue <b>\u00e9quilibr\u00e9e<\/b>, <b>sereine<\/b> et <b>heureuse<\/b>.<\/span><\/p>\n<p class=\"p1\"><span class=\"s1\">Sensible \u00e0 l\u2019environnement qui nous entoure et \u00e0 l\u2019esth\u00e9tique, c\u2019est tout naturellement que je me suis tourn\u00e9e vers le <b>Feng Shui<\/b> tenant compte de l\u2019aspect \u00e9nerg\u00e9tique et symbolique de nos lieux de vie ainsi qu\u2019\u00e0 leur impact sur notre existence et nos projets.<\/span><\/p>\n<p class=\"p1\"><span class=\"s1\">\u200b<\/span><\/p>\n<p class=\"p1\"><span class=\"s1\">Mon approche actuelle allie diverses techniques que j\u2019ai moi-m\u00eame exp\u00e9riment\u00e9es gr\u00e2ce \u00e0 la qu\u00eate d\u2019un mieux-\u00eatre au quotidien et \u00e0 l\u2019envie d\u2019oser r\u00eaver grand.<\/span><\/p>\n<p class=\"p1\"><span class=\"s1\">\u200b<\/span><\/p>\n<p class=\"p1\"><span class=\"s1\">En toute bienveillance, je t\u2019accompagne dans la recherche d\u2019harmonie, de bien-\u00eatre chez toi\u00a0et en toi\u00a0en te boostant dans la concr\u00e9tisation de tes aspirations en t\u2019alignant \u00e0 tes valeurs, en utilisant tes ressources et en mat\u00e9rialisant la visualisation de tes d\u00e9sirs.<\/span><\/p>\n<p class=\"p1\"><span class=\"s1\">Si toi aussi, tout comme moi, tu as envie d\u2019une <b>transformation int\u00e9rieure<\/b>\u2026 <\/span><\/p>\n<p>[\/vc_column_text][\/vc_column][\/vc_row]<\/p>\n","protected":false},"excerpt":{"rendered":"<p>[vc_row content_placement=&#8221;middle&#8221; css=&#8221;.vc_custom_1506496697786{margin-bottom: 40px !important;}&#8221;][vc_column css_animation=&#8221;slideInLeft&#8221; width=&#8221;1\/2&#8243;][vc_single_image image=&#8221;683&#8243; img_size=&#8221;full&#8221; alignment=&#8221;center&#8221; css=&#8221;.vc_custom_1598877589664{margin-left: -100px !important;}&#8221; el_class=&#8221;about-us-1&#8243;][\/vc_column][vc_column css_animation=&#8221;slideInRight&#8221; width=&#8221;1\/2&#8243; el_class=&#8221;responsive-center right-block__img&#8221;][vc_custom_heading text=&#8221;Qui suis-je<\/p>\n","protected":false},"author":1,"featured_media":0,"parent":0,"menu_order":0,"comment_status":"closed","ping_status":"closed","template":"","meta":[],"yoast_head":"<!-- This site is optimized with the Yoast SEO plugin v14.9 - https:\/\/yoast.com\/wordpress\/plugins\/seo\/ -->\n<title>\u00c0 propos - Regard d&#039;int\u00e9rieurs<\/title>\n<meta name=\"description\" content=\"Mes grands-parents habitaient un joli village en Belgique, dans le brabant wallon et tenaient un caf\u00e9 o\u00f9 habitait \u00e9galement ma maman. C\u2019est l\u00e0 qu\u2019elle a fait la connaissance d\u2019un jeune homme d\u2019origine allemande venu travailler comme ing\u00e9nieur dans une soci\u00e9t\u00e9 avoisinante.\" \/>\n<meta name=\"robots\" content=\"index, follow, max-snippet:-1, max-image-preview:large, max-video-preview:-1\" \/>\n<link rel=\"canonical\" href=\"https:\/\/regarddinterieurs.be\/index.php\/a-propos\/\" \/>\n<meta property=\"og:locale\" content=\"fr_FR\" \/>\n<meta property=\"og:type\" content=\"article\" \/>\n<meta property=\"og:title\" content=\"\u00c0 propos - Regard d&#039;int\u00e9rieurs\" \/>\n<meta property=\"og:description\" content=\"Mes grands-parents habitaient un joli village en Belgique, dans le brabant wallon et tenaient un caf\u00e9 o\u00f9 habitait \u00e9galement ma maman. C\u2019est l\u00e0 qu\u2019elle a fait la connaissance d\u2019un jeune homme d\u2019origine allemande venu travailler comme ing\u00e9nieur dans une soci\u00e9t\u00e9 avoisinante.\" \/>\n<meta property=\"og:url\" content=\"https:\/\/regarddinterieurs.be\/index.php\/a-propos\/\" \/>\n<meta property=\"og:site_name\" content=\"Regard d&#039;int\u00e9rieur\" \/>\n<meta property=\"article:publisher\" content=\"https:\/\/www.facebook.com\/Regard-dInt%c3%a9rieurs-1458753811055216\" \/>\n<meta property=\"article:modified_time\" content=\"2021-02-12T16:00:16+00:00\" \/>\n<meta name=\"twitter:card\" content=\"summary_large_image\" \/>\n<script type=\"application\/ld+json\" class=\"yoast-schema-graph\">{\"@context\":\"https:\/\/schema.org\",\"@graph\":[{\"@type\":\"WebSite\",\"@id\":\"https:\/\/regarddinterieurs.be\/#website\",\"url\":\"https:\/\/regarddinterieurs.be\/\",\"name\":\"Regard d&#039;int\\u00e9rieur\",\"description\":\"Un nouveau regard sur ton int\\u00e9rieur\",\"potentialAction\":[{\"@type\":\"SearchAction\",\"target\":\"https:\/\/regarddinterieurs.be\/?s={search_term_string}\",\"query-input\":\"required name=search_term_string\"}],\"inLanguage\":\"fr-FR\"},{\"@type\":\"WebPage\",\"@id\":\"https:\/\/regarddinterieurs.be\/index.php\/a-propos\/#webpage\",\"url\":\"https:\/\/regarddinterieurs.be\/index.php\/a-propos\/\",\"name\":\"\\u00c0 propos - Regard d'int\\u00e9rieurs\",\"isPartOf\":{\"@id\":\"https:\/\/regarddinterieurs.be\/#website\"},\"datePublished\":\"2017-09-26T03:20:32+00:00\",\"dateModified\":\"2021-02-12T16:00:16+00:00\",\"description\":\"Mes grands-parents habitaient un joli village en Belgique, dans le brabant wallon et tenaient un caf\\u00e9 o\\u00f9 habitait \\u00e9galement ma maman. C\\u2019est l\\u00e0 qu\\u2019elle a fait la connaissance d\\u2019un jeune homme d\\u2019origine allemande venu travailler comme ing\\u00e9nieur dans une soci\\u00e9t\\u00e9 avoisinante.\",\"inLanguage\":\"fr-FR\",\"potentialAction\":[{\"@type\":\"ReadAction\",\"target\":[\"https:\/\/regarddinterieurs.be\/index.php\/a-propos\/\"]}]}]}<\/script>\n<!-- \/ Yoast SEO plugin. -->","_links":{"self":[{"href":"https:\/\/regarddinterieurs.be\/index.php\/wp-json\/wp\/v2\/pages\/149"}],"collection":[{"href":"https:\/\/regarddinterieurs.be\/index.php\/wp-json\/wp\/v2\/pages"}],"about":[{"href":"https:\/\/regarddinterieurs.be\/index.php\/wp-json\/wp\/v2\/types\/page"}],"author":[{"embeddable":true,"href":"https:\/\/regarddinterieurs.be\/index.php\/wp-json\/wp\/v2\/users\/1"}],"replies":[{"embeddable":true,"href":"https:\/\/regarddinterieurs.be\/index.php\/wp-json\/wp\/v2\/comments?post=149"}],"version-history":[{"count":7,"href":"https:\/\/regarddinterieurs.be\/index.php\/wp-json\/wp\/v2\/pages\/149\/revisions"}],"predecessor-version":[{"id":1069,"href":"https:\/\/regarddinterieurs.be\/index.php\/wp-json\/wp\/v2\/pages\/149\/revisions\/1069"}],"wp:attachment":[{"href":"https:\/\/regarddinterieurs.be\/index.php\/wp-json\/wp\/v2\/media?parent=149"}],"curies":[{"name":"wp","href":"https:\/\/api.w.org\/{rel}","templated":true}]}}

À propos

<p>[vc_row content_placement=&#8221;middle&#8221; css=&#8221;.vc_custom_1506496697786{margin-bottom: 40px !important;}&#8221;][vc_column css_animation=&#8221;slideInLeft&#8221; width=&#8221;1/2&#8243;][vc_single_image image=&#8221;683&#8243; img_size=&#8221;full&#8221; alignment=&#8221;center&#8221; css=&#8221;.vc_custom_1598877589664{margin-left: -100px !important;}&#8221; el_class=&#8221;about-us-1&#8243;][/vc_column][vc_column css_animation=&#8221;slideInRight&#8221; width=&#8221;1/2&#8243; el_class=&#8221;responsive-center right-block__img&#8221;][vc_custom_heading text=&#8221;Qui suis-je ?&#8221; font_container=&#8221;tag:h2|font_size:75px|text_align:left|color:%23575558|line_height:75px&#8221; use_theme_fonts=&#8221;yes&#8221; el_class=&#8221;capitalize responsive-size&#8221; css=&#8221;.vc_custom_1598877615624{margin-bottom: 20px !important;}&#8221;][vc_column_text]</p>
<p class="p1"><span class="s1">Mes grands-parents habitaient un joli village en Belgique, dans le brabant wallon et tenaient un café où habitait également ma maman. C’est là qu’elle a fait la connaissance d’un jeune homme d’origine allemande venu travailler comme ingénieur dans une société avoisinante.</span></p>
<p class="p1"><span class="s1">Durant plusieurs mois, ils se sont fréquentés, appréciés, aimés… </span></p>
<p class="p1"><span class="s1">Sa mission professionnelle étant terminée, mon papa fut envoyé en Inde par son employeur… Quelques temps plus tard, ma maman appris qu’elle était enceinte et l’annonça au « futur » papa par courrier qu’ils échangeaient régulièrement.</span></p>
<p class="p1"><span class="s1">9 mois plus tard, je venais au monde avec un poids insuffisant et donc mise en couveuse par le corps médical.</span></p>
<p class="p1"><span class="s1">Très vite, privée de contact, ma vie va prendre une tournure toute particulière!</span></p>
<p class="p1"><span class="s1">Au courant de ma venue, mes grand-parents paternels ont fait livrer des fleurs à l’hôpital. C’est quasi un des seul élément en ma connaissance aujourd’hui car par la suite, ma maman ne m’a plus parlé de mon père et pour me protéger m’a inventé qu’il était mort et m’a mise en pension dès l’âge de 6 ans.</span></p>
<p class="p1"><span class="s1">Durant toute ma vie, j’ai souffert des blessures d’abandon, de rejet, d’injustice.</span></p>
<p class="p1"><span class="s1">Petite, j’étais attirée par l’astrologie, les cartes, la numérologie, l’invisible, j’avais des rêves, des ambitions et j’ai développé au fil du temps la foi, la confiance et la persévérance.</span></p>
<p class="p1"><span class="s1">Au fond de moi, j’ai toujours eu la conviction que chacun avait droit au <b>BONHEUR</b> et à la <b>RÉUSSITE</b>.</span></p>
<p class="p1"><span class="s1">Après 2 dépressions, j’ai décidé de changer d’orientation professionnelle et d’écouter mon coeur.</span></p>
<p class="p1"><span class="s1">Grâce à un travail sur moi quotidien et un accompagnement hollistique, je me suis transformée et mon évolution me permet aujourd’hui d’être sereine, apaisée, positive.</span></p>
<p class="p1"><span class="s1">Je suis cette femme qui longtemps s’est cherchée, à suivi de nombreuses formations et qui, grâce aux techniques que je transmets et que j’utilise personnellement, suis devenue <b>équilibrée</b>, <b>sereine</b> et <b>heureuse</b>.</span></p>
<p class="p1"><span class="s1">Sensible à l’environnement qui nous entoure et à l’esthétique, c’est tout naturellement que je me suis tournée vers le <b>Feng Shui</b> tenant compte de l’aspect énergétique et symbolique de nos lieux de vie ainsi qu’à leur impact sur notre existence et nos projets.</span></p>
<p class="p1"><span class="s1">​</span></p>
<p class="p1"><span class="s1">Mon approche actuelle allie diverses techniques que j’ai moi-même expérimentées grâce à la quête d’un mieux-être au quotidien et à l’envie d’oser rêver grand.</span></p>
<p class="p1"><span class="s1">​</span></p>
<p class="p1"><span class="s1">En toute bienveillance, je t’accompagne dans la recherche d’harmonie, de bien-être chez toi et en toi en te boostant dans la concrétisation de tes aspirations en t’alignant à tes valeurs, en utilisant tes ressources et en matérialisant la visualisation de tes désirs.</span></p>
<p class="p1"><span class="s1">Si toi aussi, tout comme moi, tu as envie d’une <b>transformation intérieure</b>… </span></p>
<p>[/vc_column_text][/vc_column][/vc_row]</p>

<!-- This site is optimized with the Yoast SEO plugin v14.9 - https://yoast.com/wordpress/plugins/seo/ -->
<title>À propos - Regard d&#039;intérieurs</title>
<meta name="description" content="Mes grands-parents habitaient un joli village en Belgique, dans le brabant wallon et tenaient un café où habitait également ma maman. C’est là qu’elle a fait la connaissance d’un jeune homme d’origine allemande venu travailler comme ingénieur dans une société avoisinante." />
<meta name="robots" content="index, follow, max-snippet:-1, max-image-preview:large, max-video-preview:-1" />
<link rel="canonical" href="https://regarddinterieurs.be/index.php/a-propos/" />
<meta property="og:locale" content="fr_FR" />
<meta property="og:type" content="article" />
<meta property="og:title" content="À propos - Regard d&#039;intérieurs" />
<meta property="og:description" content="Mes grands-parents habitaient un joli village en Belgique, dans le brabant wallon et tenaient un café où habitait également ma maman. C’est là qu’elle a fait la connaissance d’un jeune homme d’origine allemande venu travailler comme ingénieur dans une société avoisinante." />
<meta property="og:url" content="https://regarddinterieurs.be/index.php/a-propos/" />
<meta property="og:site_name" content="Regard d&#039;intérieur" />
<meta property="article:publisher" content="https://www.facebook.com/Regard-dInt%c3%a9rieurs-1458753811055216" />
<meta property="article:modified_time" content="2021-02-12T16:00:16+00:00" />
<meta name="twitter:card" content="summary_large_image" />
<script type="application/ld+json" class="yoast-schema-graph">{"@context":"https://schema.org","@graph":[{"@type":"WebSite","@id":"https://regarddinterieurs.be/#website","url":"https://regarddinterieurs.be/","name":"Regard d&#039;int\u00e9rieur","description":"Un nouveau regard sur ton int\u00e9rieur","potentialAction":[{"@type":"SearchAction","target":"https://regarddinterieurs.be/?s={search_term_string}","query-input":"required name=search_term_string"}],"inLanguage":"fr-FR"},{"@type":"WebPage","@id":"https://regarddinterieurs.be/index.php/a-propos/#webpage","url":"https://regarddinterieurs.be/index.php/a-propos/","name":"\u00c0 propos - Regard d'int\u00e9rieurs","isPartOf":{"@id":"https://regarddinterieurs.be/#website"},"datePublished":"2017-09-26T03:20:32+00:00","dateModified":"2021-02-12T16:00:16+00:00","description":"Mes grands-parents habitaient un joli village en Belgique, dans le brabant wallon et tenaient un caf\u00e9 o\u00f9 habitait \u00e9galement ma maman. C\u2019est l\u00e0 qu\u2019elle a fait la connaissance d\u2019un jeune homme d\u2019origine allemande venu travailler comme ing\u00e9nieur dans une soci\u00e9t\u00e9 avoisinante.","inLanguage":"fr-FR","potentialAction":[{"@type":"ReadAction","target":["https://regarddinterieurs.be/index.php/a-propos/"]}]}]}</script>
<!-- / Yoast SEO plugin. -->
