{"id":721,"date":"2020-08-31T18:09:58","date_gmt":"2020-08-31T16:09:58","guid":{"rendered":"https:\/\/regarddinterieurs.be\/index.php\/services-copy\/"},"modified":"2021-02-12T17:16:26","modified_gmt":"2021-02-12T16:16:26","slug":"baguette-magique-2","status":"publish","type":"page","link":"https:\/\/regarddinterieurs.be\/index.php\/baguette-magique-2\/","title":{"rendered":"Baguette Magique"},"content":{"rendered":"<p>[vc_row][vc_column][vc_row_inner el_class=&#8221;shadow&#8221; css=&#8221;.vc_custom_1506504550100{margin-right: 0px !important;}&#8221;][vc_column_inner css=&#8221;.vc_custom_1506506687901{padding-top: 40px !important;padding-right: 40px !important;padding-bottom: 40px !important;padding-left: 40px !important;}&#8221;][vc_custom_heading text=&#8221;Nettoyage \u00e9nerg\u00e9tique&#8221; font_container=&#8221;tag:h2|font_size:45px|text_align:center|color:%23b094ab|line_height:45px&#8221; use_theme_fonts=&#8221;yes&#8221; el_class=&#8221;capitalize&#8221;][vc_empty_space height=&#8221;40px&#8221;][vc_single_image image=&#8221;856&#8243; img_size=&#8221;2000&#215;550&#8243;][vc_column_text]<\/p>\n<p class=\"p1\" style=\"text-align: center;\"><span class=\"s1\">La <b>g\u00e9obiologie<\/b> de l\u2019habitation permet de lib\u00e9rer tout ce qui pourrait entraver le bien-\u00eatre des occupants depuis le sol, l\u2019environnement et le <b>pass\u00e9 <\/b>du lieu.<\/span><\/p>\n<p>[\/vc_column_text][vc_column_text]<\/p>\n<p class=\"p3\"><strong><span class=\"s1\">Concr\u00e8tement, comment \u00e7a se passe?<\/span><\/strong><\/p>\n<ul class=\"ul1\">\n<li class=\"li3\"><span class=\"s1\"><span class=\"Apple-converted-space\">\u00a0 <\/span>Entretien t\u00e9l\u00e9phonique \u00ab\u00a0d\u00e9couverte\u00a0\u00bb<span class=\"Apple-converted-space\">\u00a0 <\/span><strong>[OFFERT]<\/strong><\/span><\/li>\n<\/ul>\n<ul class=\"ul1\">\n<li class=\"li3\"><span class=\"s1\"><span class=\"Apple-converted-space\">\u00a0 <\/span>Sur base de ton plan d\u2019habitation, <strong>v\u00e9rification des perturbations<\/strong> d\u00e9rangeantes:<\/span><\/li>\n<\/ul>\n<ul class=\"ul1\">\n<li style=\"list-style-type: none;\">\n<ul class=\"ul1\">\n<li class=\"li3\"><span class=\"s1\"><span class=\"Apple-converted-space\">\u00a0 <\/span>eau souterraine<\/span><\/li>\n<li class=\"li3\"><span class=\"s1\"><span class=\"Apple-converted-space\">\u00a0 <\/span>failles<\/span><\/li>\n<li class=\"li3\"><span class=\"s1\"><span class=\"Apple-converted-space\">\u00a0 <\/span>r\u00e9seaux Hartman &amp; Curry<\/span><\/li>\n<li class=\"li3\"><span class=\"s1\"><span class=\"Apple-converted-space\">\u00a0 <\/span>chemin\u00e9e cosmotellurique<\/span><\/li>\n<li class=\"li3\"><span class=\"s1\"><span class=\"Apple-converted-space\">\u00a0 <\/span>radon<\/span><\/li>\n<li class=\"li3\"><span class=\"s1\"><span class=\"Apple-converted-space\">\u00a0 <\/span>m\u00e9moires du lieu<\/span><\/li>\n<li class=\"li3\"><span class=\"s1\"><span class=\"Apple-converted-space\">\u00a0 <\/span>programmation sur le lieu<\/span><\/li>\n<li class=\"li3\"><span class=\"s1\"><span class=\"Apple-converted-space\">\u00a0 <\/span>pr\u00e9sences n\u00e9fastes<\/span><\/li>\n<li class=\"li3\"><span class=\"s1\"><span class=\"Apple-converted-space\">\u00a0 <\/span>\u00e9nergies de volont\u00e9<\/span><\/li>\n<li class=\"li3\"><span class=\"s1\"><span class=\"Apple-converted-space\">\u00a0 <\/span>pollution \u00e9lectro-magn\u00e9tique: wifi, GSM,\u2026<\/span><\/li>\n<\/ul>\n<\/li>\n<\/ul>\n<ul class=\"ul1\">\n<li class=\"li3\"><span class=\"s1\"><span class=\"Apple-converted-space\">\u00a0 <\/span><\/span><span class=\"s3\"><b>CORRECTIONS<\/b><\/span><span class=\"s1\">: Tout ce qui sera d\u00e9cel\u00e9 durant l\u2019analyse sera <b>D\u00c9GAG\u00c9<\/b> \u00e0 distance<\/span><\/li>\n<\/ul>\n<p>[\/vc_column_text][vc_column_text]<\/p>\n<p style=\"text-align: left;\"><strong>*\u00a0<\/strong> Toute prestation \u00e9tant hyper personnalis\u00e9e, le tarif est calcul\u00e9 en fonction de tes besoins.<\/p>\n<p>&nbsp;<\/p>\n<p style=\"text-align: center;\">R\u00e9serve <strong>d\u00e8s maintenant<\/strong> ton rendez-vous d\u00e9couverte GRATUIT.<\/p>\n<p>[\/vc_column_text][vc_btn title=&#8221;Prendre rendez-vous&#8221; color=&#8221;violet&#8221; size=&#8221;lg&#8221; align=&#8221;center&#8221; link=&#8221;url:https%3A%2F%2Fregarddinterieurs.be%2Findex.php%2Fprendre-rendez-vous%2F|title:Rendez-vous&#8221;][\/vc_column_inner][\/vc_row_inner][\/vc_column][\/vc_row]<\/p>\n","protected":false},"excerpt":{"rendered":"<p>[vc_row][vc_column][vc_row_inner el_class=&#8221;shadow&#8221; css=&#8221;.vc_custom_1506504550100{margin-right: 0px !important;}&#8221;][vc_column_inner css=&#8221;.vc_custom_1506506687901{padding-top: 40px !important;padding-right: 40px !important;padding-bottom: 40px !important;padding-left: 40px !important;}&#8221;][vc_custom_heading text=&#8221;Nettoyage \u00e9nerg\u00e9tique&#8221; font_container=&#8221;tag:h2|font_size:45px|text_align:center|color:%23b094ab|line_height:45px&#8221; use_theme_fonts=&#8221;yes&#8221; el_class=&#8221;capitalize&#8221;][vc_empty_space height=&#8221;40px&#8221;][vc_single_image<\/p>\n","protected":false},"author":1,"featured_media":0,"parent":0,"menu_order":0,"comment_status":"closed","ping_status":"closed","template":"","meta":[],"yoast_head":"<!-- This site is optimized with the Yoast SEO plugin v14.9 - https:\/\/yoast.com\/wordpress\/plugins\/seo\/ -->\n<title>Baguette Magique - Regard d&#039;int\u00e9rieurs<\/title>\n<meta name=\"robots\" content=\"index, follow, max-snippet:-1, max-image-preview:large, max-video-preview:-1\" \/>\n<link rel=\"canonical\" href=\"https:\/\/regarddinterieurs.be\/index.php\/baguette-magique-2\/\" \/>\n<meta property=\"og:locale\" content=\"fr_FR\" \/>\n<meta property=\"og:type\" content=\"article\" \/>\n<meta property=\"og:title\" content=\"Baguette Magique - Regard d&#039;int\u00e9rieurs\" \/>\n<meta property=\"og:description\" content=\"[vc_row][vc_column][vc_row_inner el_class=&#8221;shadow&#8221; css=&#8221;.vc_custom_1506504550100{margin-right: 0px !important;}&#8221;][vc_column_inner css=&#8221;.vc_custom_1506506687901{padding-top: 40px !important;padding-right: 40px !important;padding-bottom: 40px !important;padding-left: 40px !important;}&#8221;][vc_custom_heading text=&#8221;Nettoyage \u00e9nerg\u00e9tique&#8221; font_container=&#8221;tag:h2|font_size:45px|text_align:center|color:%23b094ab|line_height:45px&#8221; use_theme_fonts=&#8221;yes&#8221; el_class=&#8221;capitalize&#8221;][vc_empty_space height=&#8221;40px&#8221;][vc_single_image\" \/>\n<meta property=\"og:url\" content=\"https:\/\/regarddinterieurs.be\/index.php\/baguette-magique-2\/\" \/>\n<meta property=\"og:site_name\" content=\"Regard d&#039;int\u00e9rieur\" \/>\n<meta property=\"article:publisher\" content=\"https:\/\/www.facebook.com\/Regard-dInt%c3%a9rieurs-1458753811055216\" \/>\n<meta property=\"article:modified_time\" content=\"2021-02-12T16:16:26+00:00\" \/>\n<meta name=\"twitter:card\" content=\"summary_large_image\" \/>\n<script type=\"application\/ld+json\" class=\"yoast-schema-graph\">{\"@context\":\"https:\/\/schema.org\",\"@graph\":[{\"@type\":\"WebSite\",\"@id\":\"https:\/\/regarddinterieurs.be\/#website\",\"url\":\"https:\/\/regarddinterieurs.be\/\",\"name\":\"Regard d&#039;int\\u00e9rieur\",\"description\":\"Un nouveau regard sur ton int\\u00e9rieur\",\"potentialAction\":[{\"@type\":\"SearchAction\",\"target\":\"https:\/\/regarddinterieurs.be\/?s={search_term_string}\",\"query-input\":\"required name=search_term_string\"}],\"inLanguage\":\"fr-FR\"},{\"@type\":\"WebPage\",\"@id\":\"https:\/\/regarddinterieurs.be\/index.php\/baguette-magique-2\/#webpage\",\"url\":\"https:\/\/regarddinterieurs.be\/index.php\/baguette-magique-2\/\",\"name\":\"Baguette Magique - Regard d'int\\u00e9rieurs\",\"isPartOf\":{\"@id\":\"https:\/\/regarddinterieurs.be\/#website\"},\"datePublished\":\"2020-08-31T16:09:58+00:00\",\"dateModified\":\"2021-02-12T16:16:26+00:00\",\"inLanguage\":\"fr-FR\",\"potentialAction\":[{\"@type\":\"ReadAction\",\"target\":[\"https:\/\/regarddinterieurs.be\/index.php\/baguette-magique-2\/\"]}]}]}<\/script>\n<!-- \/ Yoast SEO plugin. -->","_links":{"self":[{"href":"https:\/\/regarddinterieurs.be\/index.php\/wp-json\/wp\/v2\/pages\/721"}],"collection":[{"href":"https:\/\/regarddinterieurs.be\/index.php\/wp-json\/wp\/v2\/pages"}],"about":[{"href":"https:\/\/regarddinterieurs.be\/index.php\/wp-json\/wp\/v2\/types\/page"}],"author":[{"embeddable":true,"href":"https:\/\/regarddinterieurs.be\/index.php\/wp-json\/wp\/v2\/users\/1"}],"replies":[{"embeddable":true,"href":"https:\/\/regarddinterieurs.be\/index.php\/wp-json\/wp\/v2\/comments?post=721"}],"version-history":[{"count":16,"href":"https:\/\/regarddinterieurs.be\/index.php\/wp-json\/wp\/v2\/pages\/721\/revisions"}],"predecessor-version":[{"id":1077,"href":"https:\/\/regarddinterieurs.be\/index.php\/wp-json\/wp\/v2\/pages\/721\/revisions\/1077"}],"wp:attachment":[{"href":"https:\/\/regarddinterieurs.be\/index.php\/wp-json\/wp\/v2\/media?parent=721"}],"curies":[{"name":"wp","href":"https:\/\/api.w.org\/{rel}","templated":true}]}}