{"id":830,"date":"2020-09-01T15:09:17","date_gmt":"2020-09-01T13:09:17","guid":{"rendered":"https:\/\/regarddinterieurs.be\/index.php\/services-copy\/"},"modified":"2021-02-12T17:18:53","modified_gmt":"2021-02-12T16:18:53","slug":"services-professionnel","status":"publish","type":"page","link":"https:\/\/regarddinterieurs.be\/index.php\/services-professionnel\/","title":{"rendered":"Professionnel"},"content":{"rendered":"<p>[vc_row][vc_column][vc_row_inner el_class=&#8221;shadow&#8221; css=&#8221;.vc_custom_1506504550100{margin-right: 0px !important;}&#8221;][vc_column_inner css=&#8221;.vc_custom_1506506687901{padding-top: 40px !important;padding-right: 40px !important;padding-bottom: 40px !important;padding-left: 40px !important;}&#8221;][vc_icon icon_fontawesome=&#8221;far fa-building&#8221; color=&#8221;violet&#8221; size=&#8221;xl&#8221; align=&#8221;center&#8221;][vc_custom_heading text=&#8221;\u00c9quilibrage \u00e9nerg\u00e9tique&#8221; font_container=&#8221;tag:h2|font_size:45px|text_align:center|color:%23b094ab|line_height:45px&#8221; use_theme_fonts=&#8221;yes&#8221; el_class=&#8221;capitalize&#8221;][vc_empty_space height=&#8221;40px&#8221;][vc_single_image image=&#8221;853&#8243; img_size=&#8221;2000&#215;550&#8243; alignment=&#8221;center&#8221;][vc_column_text]<\/p>\n<p class=\"p1\" style=\"text-align: center;\"><span class=\"s1\">Ta soci\u00e9t\u00e9, ton bureau, l\u2019endroit o\u00f9 tu exerces TON <b>ACTIVIT\u00c9<\/b>, <\/span><\/p>\n<p class=\"p1\" style=\"text-align: center;\"><span class=\"s1\">pratiques tes soins, coaching, ventes\u2026<\/span><\/p>\n<p class=\"p1\" style=\"text-align: center;\"><span class=\"s1\">a un impact sur toi et tes clients.<\/span><\/p>\n<p class=\"p1\" style=\"text-align: center;\"><span class=\"s1\">L\u2019\u00e9lever \u00e9nerg\u00e9tiquement attirera des <b>changements positifs <\/b><\/span><\/p>\n<p class=\"p1\" style=\"text-align: center;\"><span class=\"s1\">\u00e0 la hauteur de tes esp\u00e9rances!<\/span><\/p>\n<p>[\/vc_column_text][vc_column_text]<\/p>\n<p class=\"p1\"><span class=\"s1\">Un <b>d\u00e9s\u00e9quilibre \u00e9nerg\u00e9tique<\/b> peut engendrer des <b>DIFFICULT\u00c9S diverses<\/b> qui s\u2019encha\u00eenent les unes apr\u00e8s les autres, maladies, pertes financi\u00e8res, mauvaises relations, accidents, impression de na pas avancer\u2026<\/span><\/p>\n<p class=\"p1\"><span class=\"s1\">Un <b>r\u00e9\u00e9quilibrage<\/b> gr\u00e2ce au <\/span><span class=\"s2\"><b>Feng Shui Tib\u00e9tain<\/b><\/span><span class=\"s1\"><b> <\/b>permet d\u2019attirer \u00e0 toi tout ce qui est source de <b>mieux-\u00eatre<\/b>, <b>r\u00e9ussite professionnelle<\/b> et <b>priv\u00e9e<\/b>, <b>plaisir<\/b> dans ce que tu entreprends, <b>joie<\/b> au quotidien, <b>meilleure situation financi\u00e8re<\/b>\u2026.\u00a0<\/span><\/p>\n<p>[\/vc_column_text][vc_column_text]<\/p>\n<p class=\"p4\"><span class=\"s1\"><b>Si tu souhaites\u2026<\/b><\/span><\/p>\n<ul class=\"ul1\">\n<li class=\"li5\"><span class=\"s1\"><span class=\"Apple-converted-space\">\u00a0 <\/span>Tirer profit de ton <b>lieu<\/b> professionnel et l\u2019<b>\u00e9lever<\/b> au <b>niveau \u00e9nerg\u00e9tique<\/b>.<\/span><\/li>\n<li class=\"li5\"><span class=\"s1\"><span class=\"Apple-converted-space\">\u00a0 <\/span>Attirer plus de clients, atteindre la <b>prosp\u00e9rit\u00e9<\/b>.<\/span><\/li>\n<li class=\"li5\"><span class=\"s1\"><span class=\"Apple-converted-space\">\u00a0 <\/span>Une <b>client\u00e8le align\u00e9e<\/b> avec tes <b>valeurs<\/b>.<\/span><\/li>\n<li class=\"li5\"><span class=\"s1\"><span class=\"Apple-converted-space\">\u00a0 <\/span><b>Lib\u00e9rer<\/b> les<b> \u00e9nergies n\u00e9gatives<\/b> dues au pass\u00e9, anciens dossiers, locataires, propri\u00e9taires,\u2026 et te d\u00e9barrasser de toutes <b>ondes n\u00e9gatives<\/b> qui entravent ta <b>r\u00e9ussite<\/b>.<\/span><\/li>\n<li class=\"li5\"><span class=\"s1\"><span class=\"Apple-converted-space\">\u00a0 <\/span><b>Eliminer<\/b> les <b>freins<\/b> et <b>blocages<\/b> qui t\u2019emp\u00eachent d\u2019\u00e9voluer et\/ou d\u2019atteindre<b> <\/b>tes <b>objectifs<\/b>.<\/span><\/li>\n<li class=\"li5\"><span class=\"s1\"><span class=\"Apple-converted-space\">\u00a0 <\/span>Favoriser ton <b>\u00e9panouissement professionnel.<\/b><\/span><\/li>\n<li class=\"li5\"><span class=\"s1\"><b><span class=\"Apple-converted-space\">\u00a0 <\/span><\/b>\u00catre conseill\u00e9 pour ta <b>d\u00e9co Feng Shui.<\/b><\/span><\/li>\n<li class=\"li5\"><span class=\"s1\"><b><span class=\"Apple-converted-space\">\u00a0 <\/span><\/b>Ne plus subir les<b> influences <\/b>de la <b>g\u00e9obiologie <\/b>[terre sur le vivant].<\/span><\/li>\n<\/ul>\n<p>&nbsp;<\/p>\n<p class=\"p1\" style=\"text-align: center;\"><span class=\"s1\">LES <b>BONNES \u00c9NERGIES <\/b>ATTIRENT LE <b>POSITIF<\/b> DANS TA VIE!<\/span><\/p>\n<p>[\/vc_column_text][vc_single_image image=&#8221;846&#8243; img_size=&#8221;680&#215;570&#8243; alignment=&#8221;center&#8221;][vc_column_text]<\/p>\n<p class=\"p3\"><span class=\"s1\">Pourquoi le Feng Shui Tib\u00e9tain??<\/span><\/p>\n<p class=\"p3\"><span class=\"s1\">C\u00f4t\u00e9 professionnel, voici quelques <b>avantages <\/b>du Feng Shui Tib\u00e9tain:<\/span><\/p>\n<ul class=\"ul1\">\n<li style=\"list-style-type: none;\">\n<ul class=\"ul1\">\n<li class=\"li3\"><span class=\"s1\">\u00eatre <b>recommand\u00e9 <\/b>et <b>appr\u00e9ci\u00e9<\/b> de ta client\u00e8le<\/span><\/li>\n<li class=\"li3\"><span class=\"s1\">\u00eatre pay\u00e9 \u00e0 ta <b>juste valeur<\/b><\/span><\/li>\n<li class=\"li3\"><span class=\"s1\">\u00e9loigner la jalousie qui t\u2019emp\u00eache d\u2019<b>\u00e9voluer<\/b> et d\u2019<b>atteindre<\/b> le Chiffre d\u2019Affaire que tu <b>d\u00e9sires<\/b><\/span><\/li>\n<li class=\"li3\"><span class=\"s1\">amener <b>s\u00e9r\u00e9nit\u00e9<\/b>, clairvoyance et <b>\u00e9quilibre<\/b><\/span><\/li>\n<li class=\"li3\"><span class=\"s1\">recevoir de l\u2019<b>aide<\/b> de l\u2019<b>ext\u00e9rieur<\/b>, se sentir soutenu<\/span><\/li>\n<li class=\"li3\"><span class=\"s1\">avoir la <b>cr\u00e9ativit\u00e9<\/b> n\u00e9cessaire pour se diff\u00e9rencier de la concurrence<\/span><\/li>\n<li class=\"li3\"><span class=\"s1\">attirer l\u2019<b>abondance<\/b> qui correspond \u00e0 tes aspirations<\/span><\/li>\n<li class=\"li3\"><span class=\"s1\">augmenter les <b>belles relations<\/b> professionnelles<\/span><\/li>\n<li class=\"li3\"><span class=\"s1\">avoir une <b>bonne r\u00e9putation<\/b> et une bonne estime de soi<\/span><\/li>\n<li class=\"li3\"><span class=\"s1\">acqu\u00e9rir la <b>connaissance<\/b> n\u00e9cessaire pour aider au mieux ta client\u00e8le<\/span><\/li>\n<li class=\"li3\"><span class=\"s1\">avoir une activit\u00e9 en <b>bonne sant\u00e9\u2026<\/b><\/span><\/li>\n<\/ul>\n<\/li>\n<\/ul>\n<p>[\/vc_column_text][vc_single_image image=&#8221;848&#8243; img_size=&#8221;680&#215;570&#8243; alignment=&#8221;center&#8221;][vc_column_text]<\/p>\n<p class=\"p1\" style=\"text-align: center;\"><span class=\"s1\">Contacte-moi pour d\u00e9couvrir l\u2019OFFRE DU MOMENT<\/span><\/p>\n<p class=\"p1\" style=\"text-align: center;\"><span class=\"s1\">et <b>ACTIVER TON SECTEUR de l\u2019ABONDANCE<\/b><\/span><\/p>\n<p>[\/vc_column_text][vc_btn title=&#8221;Prendre rendez-vous&#8221; color=&#8221;violet&#8221; size=&#8221;lg&#8221; align=&#8221;center&#8221; link=&#8221;url:https%3A%2F%2Fregarddinterieurs.be%2Findex.php%2Fprendre-rendez-vous%2F|title:Rendez-vous&#8221;][\/vc_column_inner][\/vc_row_inner][\/vc_column][\/vc_row]<\/p>\n","protected":false},"excerpt":{"rendered":"<p>[vc_row][vc_column][vc_row_inner el_class=&#8221;shadow&#8221; css=&#8221;.vc_custom_1506504550100{margin-right: 0px !important;}&#8221;][vc_column_inner css=&#8221;.vc_custom_1506506687901{padding-top: 40px !important;padding-right: 40px !important;padding-bottom: 40px !important;padding-left: 40px !important;}&#8221;][vc_icon icon_fontawesome=&#8221;far fa-building&#8221; color=&#8221;violet&#8221; size=&#8221;xl&#8221; align=&#8221;center&#8221;][vc_custom_heading text=&#8221;\u00c9quilibrage<\/p>\n","protected":false},"author":1,"featured_media":0,"parent":0,"menu_order":0,"comment_status":"closed","ping_status":"closed","template":"","meta":[],"yoast_head":"<!-- This site is optimized with the Yoast SEO plugin v14.9 - https:\/\/yoast.com\/wordpress\/plugins\/seo\/ -->\n<title>Professionnel - Regard d&#039;int\u00e9rieurs<\/title>\n<meta name=\"robots\" content=\"index, follow, max-snippet:-1, max-image-preview:large, max-video-preview:-1\" \/>\n<link rel=\"canonical\" href=\"https:\/\/regarddinterieurs.be\/index.php\/services-professionnel\/\" \/>\n<meta property=\"og:locale\" content=\"fr_FR\" \/>\n<meta property=\"og:type\" content=\"article\" \/>\n<meta property=\"og:title\" content=\"Professionnel - Regard d&#039;int\u00e9rieurs\" \/>\n<meta property=\"og:description\" content=\"[vc_row][vc_column][vc_row_inner el_class=&#8221;shadow&#8221; css=&#8221;.vc_custom_1506504550100{margin-right: 0px !important;}&#8221;][vc_column_inner css=&#8221;.vc_custom_1506506687901{padding-top: 40px !important;padding-right: 40px !important;padding-bottom: 40px !important;padding-left: 40px !important;}&#8221;][vc_icon icon_fontawesome=&#8221;far fa-building&#8221; color=&#8221;violet&#8221; size=&#8221;xl&#8221; align=&#8221;center&#8221;][vc_custom_heading text=&#8221;\u00c9quilibrage\" \/>\n<meta property=\"og:url\" content=\"https:\/\/regarddinterieurs.be\/index.php\/services-professionnel\/\" \/>\n<meta property=\"og:site_name\" content=\"Regard d&#039;int\u00e9rieur\" \/>\n<meta property=\"article:publisher\" content=\"https:\/\/www.facebook.com\/Regard-dInt%c3%a9rieurs-1458753811055216\" \/>\n<meta property=\"article:modified_time\" content=\"2021-02-12T16:18:53+00:00\" \/>\n<meta name=\"twitter:card\" content=\"summary_large_image\" \/>\n<script type=\"application\/ld+json\" class=\"yoast-schema-graph\">{\"@context\":\"https:\/\/schema.org\",\"@graph\":[{\"@type\":\"WebSite\",\"@id\":\"https:\/\/regarddinterieurs.be\/#website\",\"url\":\"https:\/\/regarddinterieurs.be\/\",\"name\":\"Regard d&#039;int\\u00e9rieur\",\"description\":\"Un nouveau regard sur ton int\\u00e9rieur\",\"potentialAction\":[{\"@type\":\"SearchAction\",\"target\":\"https:\/\/regarddinterieurs.be\/?s={search_term_string}\",\"query-input\":\"required name=search_term_string\"}],\"inLanguage\":\"fr-FR\"},{\"@type\":\"WebPage\",\"@id\":\"https:\/\/regarddinterieurs.be\/index.php\/services-professionnel\/#webpage\",\"url\":\"https:\/\/regarddinterieurs.be\/index.php\/services-professionnel\/\",\"name\":\"Professionnel - Regard d'int\\u00e9rieurs\",\"isPartOf\":{\"@id\":\"https:\/\/regarddinterieurs.be\/#website\"},\"datePublished\":\"2020-09-01T13:09:17+00:00\",\"dateModified\":\"2021-02-12T16:18:53+00:00\",\"inLanguage\":\"fr-FR\",\"potentialAction\":[{\"@type\":\"ReadAction\",\"target\":[\"https:\/\/regarddinterieurs.be\/index.php\/services-professionnel\/\"]}]}]}<\/script>\n<!-- \/ Yoast SEO plugin. -->","_links":{"self":[{"href":"https:\/\/regarddinterieurs.be\/index.php\/wp-json\/wp\/v2\/pages\/830"}],"collection":[{"href":"https:\/\/regarddinterieurs.be\/index.php\/wp-json\/wp\/v2\/pages"}],"about":[{"href":"https:\/\/regarddinterieurs.be\/index.php\/wp-json\/wp\/v2\/types\/page"}],"author":[{"embeddable":true,"href":"https:\/\/regarddinterieurs.be\/index.php\/wp-json\/wp\/v2\/users\/1"}],"replies":[{"embeddable":true,"href":"https:\/\/regarddinterieurs.be\/index.php\/wp-json\/wp\/v2\/comments?post=830"}],"version-history":[{"count":12,"href":"https:\/\/regarddinterieurs.be\/index.php\/wp-json\/wp\/v2\/pages\/830\/revisions"}],"predecessor-version":[{"id":1080,"href":"https:\/\/regarddinterieurs.be\/index.php\/wp-json\/wp\/v2\/pages\/830\/revisions\/1080"}],"wp:attachment":[{"href":"https:\/\/regarddinterieurs.be\/index.php\/wp-json\/wp\/v2\/media?parent=830"}],"curies":[{"name":"wp","href":"https:\/\/api.w.org\/{rel}","templated":true}]}}