{"id":994,"date":"2020-09-04T21:39:23","date_gmt":"2020-09-04T19:39:23","guid":{"rendered":"https:\/\/regarddinterieurs.be\/index.php\/home-copy\/"},"modified":"2021-02-12T17:38:22","modified_gmt":"2021-02-12T16:38:22","slug":"prendre-rendez-vous","status":"publish","type":"page","link":"https:\/\/regarddinterieurs.be\/index.php\/prendre-rendez-vous\/","title":{"rendered":"Prise de rendez-vous"},"content":{"rendered":"<p>[vc_section full_width=&#8221;stretch_row&#8221; et_uniqid=&#8221;et_custom_uniqid_5f4e2383c839b&#8221; css=&#8221;.vc_custom_1598964435535{margin-bottom: 4vw !important;background-image: url(https:\/\/regarddinterieurs.be\/wp-content\/uploads\/2020\/09\/Bouddha.png?id=808) !important;background-position: center !important;background-repeat: no-repeat !important;background-size: contain !important;}&#8221; el_class=&#8221;contacts-block&#8221; _et_uniqid=&#8221;et_custom_uniqid_new_5f4e42c354426&#8243;][vc_row][vc_column][vc_custom_heading text=&#8221;Appel d\u00e9couverte gratuit&#8221; font_container=&#8221;tag:h2|font_size:75px|text_align:center|color:%23575558|line_height:75px&#8221; use_theme_fonts=&#8221;yes&#8221; el_class=&#8221;capitalize responsive-size&#8221; css=&#8221;.vc_custom_1613147898585{margin-top: 0px !important;margin-bottom: 90px !important;padding-top: 0px !important;padding-bottom: 0px !important;}&#8221;][vc_column_text]<\/p>\n<p style=\"text-align: center;\"> <div id=\"form_id1207035805409\" class=\"wpdevelop\"><form  id=\"booking_form1\"   class=\"booking_form vertical\" method=\"post\" action=\"\"><div id=\"ajax_respond_insert1\" class=\"ajax_respond_insert\" style=\"display:none;\"><\/div><a name=\"bklnk1\" id=\"bklnk1\"><\/a><div id=\"booking_form_div1\" class=\"booking_form_div\"><div class=\"wpbc_booking_form_structure wpbc_vertical\">\n  <div class=\"wpbc_structure_calendar\">\n    <div class=\"bk_calendar_frame months_num_in_row_ cal_month_num_1 wpbc_timeslot_day_bg_as_available\" style=\"width:284px;\"><div id=\"calendar_booking1\">Chargement du calendrier...<\/div><\/div><div style=\"font-size:9px;text-align:left;margin-top:3px;\">Powered by <a style=\"font-size:9px;\" href=\"https:\/\/wpbookingcalendar.com\" target=\"_blank\" title=\"Booking Calendar plugin for WordPress\">Booking Calendar<\/a><\/div><textarea id=\"date_booking1\" name=\"date_booking1\" autocomplete=\"off\" style=\"display:none;\"><\/textarea>\n  <\/div>\n  <div class=\"wpbc_structure_form\">\n  <div class=\"form-group\">  <label for=\"name1\" class=\"control-label\">Pr\u00e9nom*:<\/label>   <div class=\"controls\">   <input type=\"text\" name=\"name1\" id=\"name1\" class=\"input-xlarge wpdev-validates-as-required\" \/><\/div><\/div>  <div class=\"form-group\">  <label for=\"secondname1\" class=\"control-label\">Nom*:<\/label>   <div class=\"controls\">   <input type=\"text\" name=\"secondname1\" id=\"secondname1\" class=\"input-xlarge wpdev-validates-as-required\" \/><\/div><\/div>  <div class=\"form-group\">  <label for=\"email1\" class=\"control-label\">Email*:<\/label>   <div class=\"controls\">   <input type=\"text\" name=\"email1\" id=\"email1\" class=\"input-xlarge wpdev-validates-as-email wpdev-validates-as-required wpdev-validates-as-required\" \/><\/div><\/div>  <div class=\"form-group\">  <label for=\"phone1\" class=\"control-label\">T\u00e9l\u00e9phone*:<\/label>   <div class=\"controls\">   <input type=\"text\" name=\"phone1\" id=\"phone1\" class=\"input-xlarge wpdev-validates-as-required\" \/><\/div><\/div>  <div class=\"form-group\">  <label for=\"details1\" class=\"control-label\">Pr\u00e9f\u00e9rences horaires:<\/label>   <div class=\"controls\">   <textarea  rows=\"3\" name=\"details1\" id=\"details1\" class=\"input-xlarge\" ><\/textarea><\/div><\/div><div class=\"form-group\"><\/div>\n<div class=\"form-group\"><button class=\"btn btn-default\" type=\"button\" onclick=\"mybooking_submit(this.form,1,'fr_FR');\" >Envoyer<\/button><\/div>\n  <\/div>\n<\/div>\n<div class=\"wpbc_booking_form_footer\"><\/div><input id=\"bk_type1\" name=\"bk_type1\" class=\"\" type=\"hidden\" value=\"1\" \/><\/div><div id=\"submiting1\"><\/div><div class=\"form_bk_messages\" id=\"form_bk_messages1\" ><\/div><input type=\"hidden\" id=\"wpbc_nonce1\" name=\"wpbc_nonce1\" value=\"63422e1c4f\" \/><input type=\"hidden\" name=\"_wp_http_referer\" value=\"\/index.php\/wp-json\/wp\/v2\/pages\/994\" \/><input type=\"hidden\" id=\"wpbc_nonceCALCULATE_THE_COST1\" name=\"wpbc_nonceCALCULATE_THE_COST1\" value=\"1d95a34413\" \/><input type=\"hidden\" name=\"_wp_http_referer\" value=\"\/index.php\/wp-json\/wp\/v2\/pages\/994\" \/><\/form><\/div><div id=\"booking_form_garbage1\" class=\"booking_form_garbage\"><\/div><script type=\"text\/javascript\">\n                                jQuery(document).ready( function(){\n                                    jQuery(\".widget_wpdev_booking .booking_form.form-horizontal\").removeClass(\"form-horizontal\");\n                                    var visible_booking_id_on_page_num = visible_booking_id_on_page.length;\n                                    if (visible_booking_id_on_page_num !== null ) {\n                                        for (var i=0;i< visible_booking_id_on_page_num ;i++){\n                                          if ( visible_booking_id_on_page[i]==\"booking_form_div1\" ) {\n                                              document.getElementById(\"form_id1207035805409\").innerHTML = \"<span style='color:#A00;font-size:10px;'>Attention! Le calendrier des r\u00e9servations pour cette ressource est d\u00e9j\u00e0 sur la page, veuillez vous renseigner sur ce probl\u00e8me \u00e0 la cette page: https:\/\/wpbookingcalendar.com\/faq\/why-the-booking-calendar-widget-not-show-on-page\/<\/span>\";                                                                                                  \n                                              jQuery(\"#form_id1207035805409\").animate( {opacity: 1}, 10000 ).fadeOut(5000);\n                                              return;\n                                          }\n                                        }\n                                        visible_booking_id_on_page[ visible_booking_id_on_page_num ]=\"booking_form_div1\";\n                                    }\n                                });\n                            <\/script> <script type='text\/javascript'>  jQuery(document).ready( function(){  date_admin_blank[1] = [];  date2approve[1] = [];  var date_approved_par = [];  init_datepick_cal('1', date_approved_par, 1 , 1, false   );  }); <\/script><\/p>\n<p>[\/vc_column_text][\/vc_column][\/vc_row][\/vc_section]<\/p>\n","protected":false},"excerpt":{"rendered":"<p>[vc_section full_width=&#8221;stretch_row&#8221; et_uniqid=&#8221;et_custom_uniqid_5f4e2383c839b&#8221; css=&#8221;.vc_custom_1598964435535{margin-bottom: 4vw !important;background-image: url(https:\/\/regarddinterieurs.be\/wp-content\/uploads\/2020\/09\/Bouddha.png?id=808) !important;background-position: center !important;background-repeat: no-repeat !important;background-size: contain !important;}&#8221; el_class=&#8221;contacts-block&#8221; _et_uniqid=&#8221;et_custom_uniqid_new_5f4e42c354426&#8243;][vc_row][vc_column][vc_custom_heading text=&#8221;Appel d\u00e9couverte gratuit&#8221; font_container=&#8221;tag:h2|font_size:75px|text_align:center|color:%23575558|line_height:75px&#8221;<\/p>\n","protected":false},"author":1,"featured_media":0,"parent":0,"menu_order":0,"comment_status":"closed","ping_status":"closed","template":"","meta":[],"yoast_head":"<!-- This site is optimized with the Yoast SEO plugin v14.9 - https:\/\/yoast.com\/wordpress\/plugins\/seo\/ -->\n<title>Prise de rendez-vous<\/title>\n<meta name=\"description\" content=\"Contacte-moi pour plus d&#039;informations.\" \/>\n<meta name=\"robots\" content=\"index, follow, max-snippet:-1, max-image-preview:large, max-video-preview:-1\" \/>\n<link rel=\"canonical\" href=\"https:\/\/regarddinterieurs.be\/index.php\/prendre-rendez-vous\/\" \/>\n<meta property=\"og:locale\" content=\"fr_FR\" \/>\n<meta property=\"og:type\" content=\"article\" \/>\n<meta property=\"og:title\" content=\"Prise de rendez-vous\" \/>\n<meta property=\"og:description\" content=\"Contacte-moi pour plus d&#039;informations.\" \/>\n<meta property=\"og:url\" content=\"https:\/\/regarddinterieurs.be\/index.php\/prendre-rendez-vous\/\" \/>\n<meta property=\"og:site_name\" content=\"Regard d&#039;int\u00e9rieur\" \/>\n<meta property=\"article:publisher\" content=\"https:\/\/www.facebook.com\/Regard-dInt%c3%a9rieurs-1458753811055216\" \/>\n<meta property=\"article:modified_time\" content=\"2021-02-12T16:38:22+00:00\" \/>\n<meta name=\"twitter:card\" content=\"summary_large_image\" \/>\n<script type=\"application\/ld+json\" class=\"yoast-schema-graph\">{\"@context\":\"https:\/\/schema.org\",\"@graph\":[{\"@type\":\"WebSite\",\"@id\":\"https:\/\/regarddinterieurs.be\/#website\",\"url\":\"https:\/\/regarddinterieurs.be\/\",\"name\":\"Regard d&#039;int\\u00e9rieur\",\"description\":\"Un nouveau regard sur ton int\\u00e9rieur\",\"potentialAction\":[{\"@type\":\"SearchAction\",\"target\":\"https:\/\/regarddinterieurs.be\/?s={search_term_string}\",\"query-input\":\"required name=search_term_string\"}],\"inLanguage\":\"fr-FR\"},{\"@type\":\"WebPage\",\"@id\":\"https:\/\/regarddinterieurs.be\/index.php\/prendre-rendez-vous\/#webpage\",\"url\":\"https:\/\/regarddinterieurs.be\/index.php\/prendre-rendez-vous\/\",\"name\":\"Prise de rendez-vous\",\"isPartOf\":{\"@id\":\"https:\/\/regarddinterieurs.be\/#website\"},\"datePublished\":\"2020-09-04T19:39:23+00:00\",\"dateModified\":\"2021-02-12T16:38:22+00:00\",\"description\":\"Contacte-moi pour plus d'informations.\",\"inLanguage\":\"fr-FR\",\"potentialAction\":[{\"@type\":\"ReadAction\",\"target\":[\"https:\/\/regarddinterieurs.be\/index.php\/prendre-rendez-vous\/\"]}]}]}<\/script>\n<!-- \/ Yoast SEO plugin. -->","_links":{"self":[{"href":"https:\/\/regarddinterieurs.be\/index.php\/wp-json\/wp\/v2\/pages\/994"}],"collection":[{"href":"https:\/\/regarddinterieurs.be\/index.php\/wp-json\/wp\/v2\/pages"}],"about":[{"href":"https:\/\/regarddinterieurs.be\/index.php\/wp-json\/wp\/v2\/types\/page"}],"author":[{"embeddable":true,"href":"https:\/\/regarddinterieurs.be\/index.php\/wp-json\/wp\/v2\/users\/1"}],"replies":[{"embeddable":true,"href":"https:\/\/regarddinterieurs.be\/index.php\/wp-json\/wp\/v2\/comments?post=994"}],"version-history":[{"count":6,"href":"https:\/\/regarddinterieurs.be\/index.php\/wp-json\/wp\/v2\/pages\/994\/revisions"}],"predecessor-version":[{"id":995,"href":"https:\/\/regarddinterieurs.be\/index.php\/wp-json\/wp\/v2\/pages\/994\/revisions\/995"}],"wp:attachment":[{"href":"https:\/\/regarddinterieurs.be\/index.php\/wp-json\/wp\/v2\/media?parent=994"}],"curies":[{"name":"wp","href":"https:\/\/api.w.org\/{rel}","templated":true}]}}

<p>[vc_section full_width=&#8221;stretch_row&#8221; et_uniqid=&#8221;et_custom_uniqid_5f4e2383c839b&#8221; css=&#8221;.vc_custom_1598964435535{margin-bottom: 4vw !important;background-image: url(https://regarddinterieurs.be/wp-content/uploads/2020/09/Bouddha.png?id=808) !important;background-position: center !important;background-repeat: no-repeat !important;background-size: contain !important;}&#8221; el_class=&#8221;contacts-block&#8221; _et_uniqid=&#8221;et_custom_uniqid_new_5f4e42c354426&#8243;][vc_row][vc_column][vc_custom_heading text=&#8221;Appel découverte gratuit&#8221; font_container=&#8221;tag:h2|font_size:75px|text_align:center|color:%23575558|line_height:75px&#8221; use_theme_fonts=&#8221;yes&#8221; el_class=&#8221;capitalize responsive-size&#8221; css=&#8221;.vc_custom_1613147898585{margin-top: 0px !important;margin-bottom: 90px !important;padding-top: 0px !important;padding-bottom: 0px !important;}&#8221;][vc_column_text]</p>
<p style="text-align: center;"> <div id="form_id1207035805409" class="wpdevelop"><form  id="booking_form1"   class="booking_form vertical" method="post" action=""><div id="ajax_respond_insert1" class="ajax_respond_insert" style="display:none;"></div><a name="bklnk1" id="bklnk1"></a><div id="booking_form_div1" class="booking_form_div"><div class="wpbc_booking_form_structure wpbc_vertical">
  <div class="wpbc_structure_calendar">
    <div class="bk_calendar_frame months_num_in_row_ cal_month_num_1 wpbc_timeslot_day_bg_as_available" style="width:284px;"><div id="calendar_booking1">Chargement du calendrier...</div></div><div style="font-size:9px;text-align:left;margin-top:3px;">Powered by <a style="font-size:9px;" href="https://wpbookingcalendar.com" target="_blank" title="Booking Calendar plugin for WordPress">Booking Calendar</a></div><textarea id="date_booking1" name="date_booking1" autocomplete="off" style="display:none;"></textarea>
  </div>
  <div class="wpbc_structure_form">
  <div class="form-group">  <label for="name1" class="control-label">Prénom*:</label>   <div class="controls">   <input type="text" name="name1" id="name1" class="input-xlarge wpdev-validates-as-required" /></div></div>  <div class="form-group">  <label for="secondname1" class="control-label">Nom*:</label>   <div class="controls">   <input type="text" name="secondname1" id="secondname1" class="input-xlarge wpdev-validates-as-required" /></div></div>  <div class="form-group">  <label for="email1" class="control-label">Email*:</label>   <div class="controls">   <input type="text" name="email1" id="email1" class="input-xlarge wpdev-validates-as-email wpdev-validates-as-required wpdev-validates-as-required" /></div></div>  <div class="form-group">  <label for="phone1" class="control-label">Téléphone*:</label>   <div class="controls">   <input type="text" name="phone1" id="phone1" class="input-xlarge wpdev-validates-as-required" /></div></div>  <div class="form-group">  <label for="details1" class="control-label">Préférences horaires:</label>   <div class="controls">   <textarea  rows="3" name="details1" id="details1" class="input-xlarge" ></textarea></div></div><div class="form-group"></div>
<div class="form-group"><button class="btn btn-default" type="button" onclick="mybooking_submit(this.form,1,'fr_FR');" >Envoyer</button></div>
  </div>
</div>
<div class="wpbc_booking_form_footer"></div><input id="bk_type1" name="bk_type1" class="" type="hidden" value="1" /></div><div id="submiting1"></div><div class="form_bk_messages" id="form_bk_messages1" ></div><input type="hidden" id="wpbc_nonce1" name="wpbc_nonce1" value="63422e1c4f" /><input type="hidden" name="_wp_http_referer" value="/index.php/wp-json/wp/v2/pages/994" /><input type="hidden" id="wpbc_nonceCALCULATE_THE_COST1" name="wpbc_nonceCALCULATE_THE_COST1" value="1d95a34413" /><input type="hidden" name="_wp_http_referer" value="/index.php/wp-json/wp/v2/pages/994" /></form></div><div id="booking_form_garbage1" class="booking_form_garbage"></div><script type="text/javascript">
                                jQuery(document).ready( function(){
                                    jQuery(".widget_wpdev_booking .booking_form.form-horizontal").removeClass("form-horizontal");
                                    var visible_booking_id_on_page_num = visible_booking_id_on_page.length;
                                    if (visible_booking_id_on_page_num !== null ) {
                                        for (var i=0;i< visible_booking_id_on_page_num ;i++){
                                          if ( visible_booking_id_on_page[i]=="booking_form_div1" ) {
                                              document.getElementById("form_id1207035805409").innerHTML = "<span style='color:#A00;font-size:10px;'>Attention! Le calendrier des réservations pour cette ressource est déjà sur la page, veuillez vous renseigner sur ce problème à la cette page: https://wpbookingcalendar.com/faq/why-the-booking-calendar-widget-not-show-on-page/</span>";                                                                                                  
                                              jQuery("#form_id1207035805409").animate( {opacity: 1}, 10000 ).fadeOut(5000);
                                              return;
                                          }
                                        }
                                        visible_booking_id_on_page[ visible_booking_id_on_page_num ]="booking_form_div1";
                                    }
                                });
                            </script> <script type='text/javascript'>  jQuery(document).ready( function(){  date_admin_blank[1] = [];  date2approve[1] = [];  var date_approved_par = [];  init_datepick_cal('1', date_approved_par, 1 , 1, false   );  }); </script></p>
<p>[/vc_column_text][/vc_column][/vc_row][/vc_section]</p>

<p>[vc_section full_width=&#8221;stretch_row&#8221; et_uniqid=&#8221;et_custom_uniqid_5f4e2383c839b&#8221; css=&#8221;.vc_custom_1598964435535{margin-bottom: 4vw !important;background-image: url(https://regarddinterieurs.be/wp-content/uploads/2020/09/Bouddha.png?id=808) !important;background-position: center !important;background-repeat: no-repeat !important;background-size: contain !important;}&#8221; el_class=&#8221;contacts-block&#8221; _et_uniqid=&#8221;et_custom_uniqid_new_5f4e42c354426&#8243;][vc_row][vc_column][vc_custom_heading text=&#8221;Appel découverte gratuit&#8221; font_container=&#8221;tag:h2|font_size:75px|text_align:center|color:%23575558|line_height:75px&#8221;</p>

<!-- This site is optimized with the Yoast SEO plugin v14.9 - https://yoast.com/wordpress/plugins/seo/ -->
<title>Prise de rendez-vous</title>
<meta name="description" content="Contacte-moi pour plus d&#039;informations." />
<meta name="robots" content="index, follow, max-snippet:-1, max-image-preview:large, max-video-preview:-1" />
<link rel="canonical" href="https://regarddinterieurs.be/index.php/prendre-rendez-vous/" />
<meta property="og:locale" content="fr_FR" />
<meta property="og:type" content="article" />
<meta property="og:title" content="Prise de rendez-vous" />
<meta property="og:description" content="Contacte-moi pour plus d&#039;informations." />
<meta property="og:url" content="https://regarddinterieurs.be/index.php/prendre-rendez-vous/" />
<meta property="og:site_name" content="Regard d&#039;intérieur" />
<meta property="article:publisher" content="https://www.facebook.com/Regard-dInt%c3%a9rieurs-1458753811055216" />
<meta property="article:modified_time" content="2021-02-12T16:38:22+00:00" />
<meta name="twitter:card" content="summary_large_image" />
<script type="application/ld+json" class="yoast-schema-graph">{"@context":"https://schema.org","@graph":[{"@type":"WebSite","@id":"https://regarddinterieurs.be/#website","url":"https://regarddinterieurs.be/","name":"Regard d&#039;int\u00e9rieur","description":"Un nouveau regard sur ton int\u00e9rieur","potentialAction":[{"@type":"SearchAction","target":"https://regarddinterieurs.be/?s={search_term_string}","query-input":"required name=search_term_string"}],"inLanguage":"fr-FR"},{"@type":"WebPage","@id":"https://regarddinterieurs.be/index.php/prendre-rendez-vous/#webpage","url":"https://regarddinterieurs.be/index.php/prendre-rendez-vous/","name":"Prise de rendez-vous","isPartOf":{"@id":"https://regarddinterieurs.be/#website"},"datePublished":"2020-09-04T19:39:23+00:00","dateModified":"2021-02-12T16:38:22+00:00","description":"Contacte-moi pour plus d'informations.","inLanguage":"fr-FR","potentialAction":[{"@type":"ReadAction","target":["https://regarddinterieurs.be/index.php/prendre-rendez-vous/"]}]}]}</script>
<!-- / Yoast SEO plugin. -->
